 y(-1). Let w(g) = g + 2. Let f be w(12). What are the prime factors of i/(-3) - f/(-3)?
5
Let a be (-7 + -1)*(-2)/4. Suppose 0 = 3*p - 2*v - 54, 9 = p - a*v + 1. What are the prime factors of p?
2, 5
Suppose -5*x - 19 = -54. Let c = -11 - x. Let u = c + 29. List the prime factors of u.
11
Let w = -3 - -3. What are the prime factors of ((-28)/(-2) - w)*1?
2, 7
Let z = 16 - -7. Suppose -5*t + 4*t = -z. What are the prime factors of t?
23
Suppose 2*a - 21 = -5*a. What are the prime factors of a?
3
Let h be 1 + 4 + 3/(-1). Suppose q - h = 2. What are the prime factors of q?
2
Let k be 6/(-4) - 58/(-4). Suppose -4*j - 10 = j. Let r = j + k. List the prime factors of r.
11
Suppose 2*d = 5*d. Suppose m + 0 - 1 = d. What are the prime factors of m*(1 - 3) - -5?
3
Suppose 2*b = b. Let h = b + 18. Suppose h = s + 2*s. What are the prime factors of s?
2, 3
Let f be 1/3*30/2. Suppose -f*g = -0*g - 15. Suppose -k - g*x = 6, k - 3*x - 24 = -k. What are the prime factors of k?
2, 3
Let p(z) = -z**2 + 27*z - 53. List the prime factors of p(18).
109
Let l = 50 - -6. What are the prime factors of l?
2, 7
Let x = 2 - 11. Let k be (9/(-12))/((-1)/(-60)). List the prime factors of (-215)/k + (-2)/x.
5
Let d(v) = -v - 1. Let a be d(9). What are the prime factors of (12/5)/((-3)/a)?
2
Let h(t) = t. Let d(o) = 6*o**2 - 6*o - 1. Let u(b) = d(b) + 6*h(b). Let r be u(1). Suppose r = -v - 4*i - 0*i, v - 3*i - 23 = 0. List the prime factors of v.
11
List the prime factors of (-10)/15 - 1396/(-6).
2, 29
Let z(g) = -g**2 + 10*g + 4. Let h be z(6). Let y be 104/h + 4/14. What are the prime factors of y/14 + 270/35?
2
Let k(j) = -6*j. Let r = 4 + -5. Let b be k(r). Suppose 0 = f - 2*h - 3*h - 6, -2*h - b = -f. What are the prime factors of f?
2, 3
Let o be (7 - (1 + -5)) + -3. Let g(y) = y**2 - 7*y + 1. What are the prime factors of g(o)?
3
Suppose 5*u - 4*u = 3. Suppose 2*m = -u*m. Suppose 4*h = -t + 6*t - 48, -5*t - 5*h + 75 = m. List the prime factors of t.
2, 3
Let u be 2 + -4 + (1 - 2). Let v be (0 + -1 - u)/1. Suppose -v*h = 5*x - 9, -4*h + 5*x + 31 = 2*x. List the prime factors of h.
7
Let g = -3 - -3. Suppose -4*k + 5 - 1 = g. What are the prime factors of ((-5)/15)/(k/(-6))?
2
Suppose r - 4 = p + 2*p, 0 = 4*p. Suppose b + 63 = r*b. What are the prime factors of b?
3, 7
Let v(z) = -16*z - 1. Let i be v(-3). Let c = -16 + i. Let y = c + -20. List the prime factors of y.
11
Let r(h) = h**2 - 5*h + 8 + 8 - 8*h + 2*h. What are the prime factors of r(11)?
2
Let y be (9/(-6))/((-1)/(-4)). Let s be (3/y + -1)*-2. Let u(q) = q + 4. What are the prime factors of u(s)?
7
Let g be -14*(-1)/(-1) - -1. Suppose 4*h + 19 = -9. Let c = h - g. What are the prime factors of c?
2, 3
Let n = -7 + 18. Let j = 1 - 1. List the prime factors of n*(1 + j) - 0.
11
Let s be 72/30 - (-4)/(-10). Suppose 12 = 3*g - 0*g - 3*k, -3*g + s*k = -14. Suppose -2*i + i + g = 0. What are the prime factors of i?
2, 3
Suppose z + 8 = -0*z. Let l(m) = 2*m + 2 - 2*m - m. List the prime factors of l(z).
2, 5
Suppose 4*v - 155 = 129. What are the prime factors of v?
71
Let t = -4 + 8. Suppose 5*h = 5*n + 55, 0 = -5*h - t*n + 11 - 1. What are the prime factors of h?
2, 3
Let s(f) = -f**3 + 11*f**2 - 8*f. What are the prime factors of s(10)?
2, 5
Suppose -4*f - 11 = 1. Suppose -2*m = -4*m + 2*w - 6, -3 = m + 2*w. What are the prime factors of (f/m + 4)*2?
2, 5
Let b = -36 - -73. Let i(p) = -p + 15. Let h be i(11). Suppose -t = -2*d + 2*t + 12, 5*d - h*t = b. List the prime factors of d.
3
Suppose -j = -3*u - 3*j + 14, 4*j = -2*u + 20. List the prime factors of ((-12)/u)/(33/(-176)).
2
Suppose 5*x = s + 27, -1 = x - 5. Let r be (28/(-6))/((-4)/12). Let z = r + s. List the prime factors of z.
7
Suppose 2*z = 85 + 161. List the prime factors of z.
3, 41
Suppose 4*s = -4*w + 2*s + 22, 2*s = 3*w + 1. Suppose 59 = -0*k + 2*k - w*z, -3*k + 81 = -3*z. What are the prime factors of k?
2, 11
Let c be 4*(-14)/(-12)*-3. Let b be (-466)/c - (-6)/(-21). Suppose -5*q = 3*v - 2*q - b, 4*v - 56 = -q. What are the prime factors of v?
3, 5
Let l(f) = 2*f**3 - f**2 - f - 2. Let w = -11 + 13. List the prime factors of l(w).
2
Let p be -1 - -28 - (-2)/2. Suppose -p = 3*d - 82. Let z = d - 13. List the prime factors of z.
5
Let z = -4 + 9. Suppose -2*x = -x - z. Suppose -4*d + 3 = 7*u - 2*u, x*u = -25. List the prime factors of d.
7
Suppose -3*x - 3*n - 101 = 2*x, 4*x - n = -74. Let v = 31 + x. List the prime factors of v.
2, 3
Let z = -27 + 65. Let j = z + -12. List the prime factors of j.
2, 13
Let m(q) = 6*q - 1. Let i be m(-2). Let d = -10 - i. What are the prime factors of d?
3
Let p = 17 + 31. List the prime factors of p.
2, 3
Suppose -407 = -4*w - 3. List the prime factors of w.
101
Let o(w) = -w**2 - 11*w + 9. Suppose q = 2*j, 3*j = 2*q + 3*q. Suppose 5*s = 5*l + 75, 5*l - 3*s + 34 + 33 = q. List the prime factors of o(l).
3
Let r = 377 - 200. What are the prime factors of r?
3, 59
Let s(z) = z**3 - 3*z**2 + 5*z - 2. Suppose 1 - 15 = -2*u. Let q = u - 4. What are the prime factors of s(q)?
13
Let c = -3 + 99. List the prime factors of c.
2, 3
Suppose -7*y = -9*y + 578. What are the prime factors of y?
17
Suppose -c = 3*k - 4, -22 = -2*c + k + 7. Suppose -j + 40 = c. What are the prime factors of 2/(-3)*j/(-2)?
3
Suppose 95*z = 91*z + 424. List the prime factors of z.
2, 53
Let j = -15 + 30. What are the prime factors of j?
3, 5
List the prime factors of (-80)/(-24)*(-15)/(-2).
5
Suppose 3*t = -3*a + 147, 5*t - a - a - 280 = 0. What are the prime factors of t?
2, 3
Let t(b) = 9*b - 11. List the prime factors of t(6).
43
Suppose -3*g = -4*g + 5. List the prime factors of (g + -6)*(0 - 2).
2
Let y = -1 - 3. Let u be (-6)/y*8/3. Suppose -u*w + 23 = z, z - 2*w = 6*z - 43. List the prime factors of z.
7
Let t = -8 + 10. Let y be -3*(-1 - t/3). Let f = y + 8. List the prime factors of f.
13
Let r = -308 - -515. What are the prime factors of r?
3, 23
Suppose 3*r = 4*a - 24, -3*r + 8 = -5*r. What are the prime factors of a?
3
Let z = 168 + -101. Suppose -5*j + z + 8 = 0. What are the prime factors of j?
3, 5
Let s = 28 - 20. List the prime factors of s.
2
Let u(b) be the first derivative of -b**4/4 + 3*b**2/2 + 3*b - 1. What are the prime factors of u(-2)?
5
Let k(a) = 3*a - 14. What are the prime factors of k(15)?
31
What are the prime factors of 213 + 8 + -2 + 7?
2, 113
Let j be (88/(-55))/((-4)/30). List the prime factors of 42/j*12/7.
2, 3
Suppose -2*s = 0, -4*p + 424 = 5*s + 40. What are the prime factors of p?
2, 3
Let n(s) = s**2 + 13*s - 1. Suppose -3*d + 5*h = 35, -2*d + d - 9 = -3*h. What are the prime factors of n(d)?
29
List the prime factors of -4 + 7/(28/216).
2, 5
Suppose -21 = 5*j - 51. List the prime factors of (2/j)/((-5)/(-240)).
2
Suppose 166 - 132 = 2*w. List the prime factors of w.
17
Let o(m) = 4*m**2 - 4*m + 3. Let b be o(2). Let u(s) = -2*s + 27. List the prime factors of u(b).
5
Suppose 6*l - 6 = 3*l. Suppose 32 = 4*u - 4*i, -2*i + 23 = u - 6*i. Let q = u + l. What are the prime factors of q?
5
Suppose 0 = 3*y - 3*d - 36, -5*d + 22 = 4*y - 17. What are the prime factors of y?
11
Let c(o) = o**3 - 5*o**2 + 3*o - 2. Let l be 1 + -2 - 18/(-3). What are the prime factors of c(l)?
13
Let d = 20 + -4. What are the prime factors of d?
2
Let h(o) = -6*o**3 - o**2 + 3*o + 1. What are the prime factors of h(-2)?
3, 13
Let f = 268 - 171. List the prime factors of f.
97
Let f = 0 + 5. Suppose f*o + y = 2*o + 14, 2*y = 4. Suppose -12 = -4*p - o*d, 5*d + 31 - 6 = 0. List the prime factors of p.
2
Let o = 14 - 22. List the prime factors of (-1 - o)*(-5 + 6).
7
Let t = -16 + 33. List the prime factors of t.
17
Let h be (-2)/4*-10 + -1. Suppose -h*f - 21 = 99. List the prime factors of (12/5)/((-9)/f).
2
List the prime factors of 1/2*338/(0 - -1).
13
Suppose -4*z - 2*f = -72, -3*z - 24 = -5*z - 4*f. What are the prime factors of (3/2)/(5/z)?
2, 3
Suppose 4*j + 11 - 26 = -5*y, 0 = 2*j - 3*y - 35. List the prime factors of j.
2, 5
Let c = -14 + 19. Suppose 6*a = 4*s + a - 108, 54 = 2*s - c*a. What are the prime factors of s?
3
Suppose 3*x + 0 = -2*m - 4, -2*m = 5*x. Suppose 0 = 3*w - x*g - 10, 0 = -2*g + 1 + 1. Let n = w - 2. List the prime factors of n.
2
Let y(f) = -9*f**2 - f. Let v be y(1). Let o(x) = -2*x - 5. Let m be o